{"id":647,"date":"2025-06-04T15:49:30","date_gmt":"2025-06-04T13:49:30","guid":{"rendered":"https:\/\/lasensible.com\/?page_id=647"},"modified":"2025-11-28T12:24:48","modified_gmt":"2025-11-28T11:24:48","slug":"647-2","status":"publish","type":"page","link":"https:\/\/lasensible.com\/?page_id=647","title":{"rendered":""},"content":{"rendered":"\n<p><a href=\"https:\/\/lasensible.com\/wp-content\/uploads\/2025\/06\/VLL24_43-225x300.jpg\"><\/a><\/p>\n\n\n\n<p><a href=\"https:\/\/lasensible.com\/wp-content\/uploads\/2025\/06\/VLL06-225x300.jpg\"><\/a><\/p>\n\n\n\n<h2 class=\"wp-block-heading has-text-align-center\">Voir le loup<\/h2>\n\n\n\n<div class=\"wp-block-cover alignfull has-custom-content-position is-position-bottom-right has-small-font-size\"><img loading=\"lazy\" decoding=\"async\" width=\"1024\" height=\"768\" class=\"wp-block-cover__image-background wp-image-634 size-large\" alt=\"\" src=\"https:\/\/lasensible.com\/wp-content\/uploads\/2025\/06\/VLL05-1-1024x768.jpg\" data-object-fit=\"cover\" srcset=\"https:\/\/lasensible.com\/wp-content\/uploads\/2025\/06\/VLL05-1-1024x768.jpg 1024w, https:\/\/lasensible.com\/wp-content\/uploads\/2025\/06\/VLL05-1-300x225.jpg 300w, https:\/\/lasensible.com\/wp-content\/uploads\/2025\/06\/VLL05-1-768x576.jpg 768w, https:\/\/lasensible.com\/wp-content\/uploads\/2025\/06\/VLL05-1-1536x1152.jpg 1536w, https:\/\/lasensible.com\/wp-content\/uploads\/2025\/06\/VLL05-1-80x60.jpg 80w, https:\/\/lasensible.com\/wp-content\/uploads\/2025\/06\/VLL05-1.jpg 2000w\" sizes=\"auto, (max-width: 1024px) 100vw, 1024px\" \/><span aria-hidden=\"true\" class=\"wp-block-cover__background has-background-dim\" style=\"background-color:#56576d\"><\/span><div class=\"wp-block-cover__inner-container is-layout-constrained wp-block-cover-is-layout-constrained\">\n<p class=\"has-small-font-size\">un conte tout en suspens<\/p>\n<\/div><\/div>\n\n\n\n<p><\/p>\n\n\n\n<p>On entend dire que les femmes attendent leur prince charmant. C\u2019est sans compter la tradition orale des contes, o\u00f9 l\u2019on croise des filles curieuses&nbsp;et courageuses !<\/p>\n\n\n\n<p>Le spectacle m\u00eale th\u00e9\u00e2tre d\u2019objet et performances plastiques. La com\u00e9dienne peint, froisse et conte une histoire riche en suspens.<\/p>\n\n\n\n<p>Inspir\u00e9 des versions peu connues du&nbsp;<em>Petit Chaperon rouge&nbsp;<\/em>et du&nbsp;livre&nbsp;de Julia Chausson, le spectacle met \u00e0 l\u2019honneur une h\u00e9ro\u00efne haute en couleur.&nbsp;<\/p>\n\n\n\n<p><\/p>\n\n\n\n<div class=\"wp-block-columns is-layout-flex wp-container-core-columns-is-layout-9d6595d7 wp-block-columns-is-layout-flex\">\n<div class=\"wp-block-column is-layout-flow wp-block-column-is-layout-flow\" style=\"flex-basis:100%\">\n<div class=\"wp-block-columns is-layout-flex wp-container-core-columns-is-layout-9d6595d7 wp-block-columns-is-layout-flex\">\n<div class=\"wp-block-column is-layout-flow wp-block-column-is-layout-flow\" style=\"flex-basis:100%\">\n<div class=\"wp-block-group\"><div class=\"wp-block-group__inner-container is-layout-constrained wp-block-group-is-layout-constrained\">\n<div class=\"wp-block-columns is-layout-flex wp-container-core-columns-is-layout-9d6595d7 wp-block-columns-is-layout-flex\">\n<div class=\"wp-block-column is-layout-flow wp-block-column-is-layout-flow\">\n<p>&nbsp;<br>Version \u00ab\u00a0Salle noire\u00a0\u00bb<\/p>\n\n\n\n<figure class=\"wp-block-embed is-type-video is-provider-vimeo wp-block-embed-vimeo wp-embed-aspect-16-9 wp-has-aspect-ratio\"><div class=\"wp-block-embed__wrapper\">\n<iframe loading=\"lazy\" title=\"Voir le loup\" src=\"https:\/\/player.vimeo.com\/video\/961273452?dnt=1&amp;app_id=122963\" width=\"840\" height=\"473\" frameborder=\"0\" allow=\"autoplay; fullscreen; picture-in-picture; clipboard-write; encrypted-media\"><\/iframe>\n<\/div><\/figure>\n<\/div>\n<\/div>\n<\/div><\/div>\n<\/div>\n<\/div>\n<\/div>\n<\/div>\n\n\n\n<p>Version autonome<\/p>\n\n\n\n<figure class=\"wp-block-embed is-type-video is-provider-vimeo wp-block-embed-vimeo wp-embed-aspect-16-9 wp-has-aspect-ratio\"><div class=\"wp-block-embed__wrapper\">\n<iframe loading=\"lazy\" title=\"Teaser Voir le loup\" src=\"https:\/\/player.vimeo.com\/video\/389800070?dnt=1&amp;app_id=122963\" width=\"840\" height=\"473\" frameborder=\"0\" allow=\"autoplay; fullscreen; picture-in-picture; clipboard-write; encrypted-media\"><\/iframe>\n<\/div><\/figure>\n\n\n\n<div class=\"wp-block-columns is-layout-flex wp-container-core-columns-is-layout-9d6595d7 wp-block-columns-is-layout-flex\">\n<div class=\"wp-block-column is-layout-flow wp-block-column-is-layout-flow\"><\/div>\n\n\n\n<div class=\"wp-block-column is-layout-flow wp-block-column-is-layout-flow\"><\/div>\n<\/div>\n\n\n\n<p>Dur\u00e9e 40 minutes + 20 minutes d&rsquo;\u00e9change, tout public \u00e0 partir de 8 ans.<\/p>\n\n\n<style id=\"wp_carousel_dynamic_css621\">#sp-wp-carousel-free-id-621.sp-wpcp-621 .wpcp-single-item {border: 1px solid #dddddd;}#sp-wp-carousel-free-id-621.sp-wpcp-621 .swiper-button-prev,#sp-wp-carousel-free-id-621.sp-wpcp-621 .swiper-button-next,#sp-wp-carousel-free-id-621.sp-wpcp-621 .swiper-button-prev:hover,#sp-wp-carousel-free-id-621.sp-wpcp-621 .swiper-button-next:hover {background: none;border: none;font-size: 30px;}#sp-wp-carousel-free-id-621.sp-wpcp-621 .swiper-button-prev i,#sp-wp-carousel-free-id-621.sp-wpcp-621 .swiper-button-next i {color: #aaa;}#sp-wp-carousel-free-id-621.sp-wpcp-621 .swiper-button-prev i:hover,#sp-wp-carousel-free-id-621.sp-wpcp-621 .swiper-button-next i:hover {color: #178087;}#sp-wp-carousel-free-id-621.sp-wpcp-621 .wpcp-swiper-dots .swiper-pagination-bullet {background-color: #cccccc;}#sp-wp-carousel-free-id-621.sp-wpcp-621 .wpcp-swiper-dots .swiper-pagination-bullet.swiper-pagination-bullet-active {background-color: #178087;} #sp-wp-carousel-free-id-621.sp-wpcp-621.wpcp-image-carousel .wpcp-single-item:hover img, #sp-wp-carousel-free-id-621.sp-wpcp-621.wpcp-post-carousel .wpcp-single-item:hover img, #sp-wp-carousel-free-id-621.sp-wpcp-621.wpcp-product-carousel .wpcp-single-item:hover img{-webkit-transform: scale(1.2);-moz-transform: scale(1.2);transform: scale(1.2);}#sp-wp-carousel-free-id-621 .wpcpro-row>[class*=\"wpcpro-col-\"] { padding: 0 10px; padding-bottom: 20px;}@media (min-width: 480px) { .wpcpro-row .wpcpro-col-sm-1 { flex: 0 0 100%; max-width: 100%; } .wpcpro-row .wpcpro-col-sm-2 { flex: 0 0 50%; max-width: 50%; } .wpcpro-row .wpcpro-col-sm-2-5 { flex: 0 0 75%; max-width: 75%; } .wpcpro-row .wpcpro-col-sm-3 { flex: 0 0 33.333%; max-width: 33.333%; } .wpcpro-row .wpcpro-col-sm-4 { flex: 0 0 25%; max-width: 25%; } .wpcpro-row .wpcpro-col-sm-5 { flex: 0 0 20%; max-width: 20%; } .wpcpro-row .wpcpro-col-sm-6 { flex: 0 0 16.66666666666667%; max-width: 16.66666666666667%; } .wpcpro-row .wpcpro-col-sm-7 { flex: 0 0 14.28571428%; max-width: 14.28571428%; } .wpcpro-row .wpcpro-col-sm-8 { flex: 0 0 12.5%; max-width: 12.5%; } } @media (max-width: 480px) { .wpcpro-row .wpcpro-col-xs-1 { flex: 0 0 100%; max-width: 100%; } .wpcpro-row .wpcpro-col-xs-2 { flex: 0 0 50%; max-width: 50%; } .wpcpro-row .wpcpro-col-xs-3 { flex: 0 0 33.222%; max-width: 33.222%; } .wpcpro-row .wpcpro-col-xs-4 { flex: 0 0 25%; max-width: 25%; } .wpcpro-row .wpcpro-col-xs-5 { flex: 0 0 20%; max-width: 20%; } .wpcpro-row .wpcpro-col-xs-6 { flex: 0 0 16.6667%; max-width: 16.6667%; } .wpcpro-row .wpcpro-col-xs-7 { flex: 0 0 14.28571428%; max-width: 14.28571428%; } .wpcpro-row .wpcpro-col-xs-8 { flex: 0 0 12.5%; max-width: 12.5%; } } @media (min-width: 736px) { .wpcpro-row .wpcpro-col-md-1 { flex: 0 0 100%; max-width: 100%; } .wpcpro-row .wpcpro-col-md-2 { flex: 0 0 50%; max-width: 50%; } .wpcpro-row .wpcpro-col-md-2-5 { flex: 0 0 75%; max-width: 75%; } .wpcpro-row .wpcpro-col-md-3 { flex: 0 0 33.333%; max-width: 33.333%; } .wpcpro-row .wpcpro-col-md-4 { flex: 0 0 25%; max-width: 25%; } .wpcpro-row .wpcpro-col-md-5 { flex: 0 0 20%; max-width: 20%; } .wpcpro-row .wpcpro-col-md-6 { flex: 0 0 16.66666666666667%; max-width: 16.66666666666667%; } .wpcpro-row .wpcpro-col-md-7 { flex: 0 0 14.28571428%; max-width: 14.28571428%; } .wpcpro-row .wpcpro-col-md-8 { flex: 0 0 12.5%; max-width: 12.5%; } } @media (min-width: 980px) { .wpcpro-row .wpcpro-col-lg-1 { flex: 0 0 100%; max-width: 100%; } .wpcpro-row .wpcpro-col-lg-2 { flex: 0 0 50%; max-width: 50%; } .wpcpro-row .wpcpro-col-lg-3 { flex: 0 0 33.222%; max-width: 33.222%; } .wpcpro-row .wpcpro-col-lg-4 { flex: 0 0 25%; max-width: 25%; } .wpcpro-row .wpcpro-col-lg-5 { flex: 0 0 20%; max-width: 20%; } .wpcpro-row .wpcpro-col-lg-6 { flex: 0 0 16.6667%; max-width: 16.6667%; } .wpcpro-row .wpcpro-col-lg-7 { flex: 0 0 14.28571428%; max-width: 14.28571428%; } .wpcpro-row .wpcpro-col-lg-8 { flex: 0 0 12.5%; max-width: 12.5%; } } @media (min-width: 1200px) { .wpcpro-row .wpcpro-col-xl-1 { flex: 0 0 100%; max-width: 100%; } .wpcpro-row .wpcpro-col-xl-2 { flex: 0 0 50%; max-width: 50%; } .wpcpro-row .wpcpro-col-xl-3 { flex: 0 0 33.22222222%; max-width: 33.22222222%; } .wpcpro-row .wpcpro-col-xl-4 { flex: 0 0 25%; max-width: 25%; } .wpcpro-row .wpcpro-col-xl-5 { flex: 0 0 20%; max-width: 20%; } .wpcpro-row .wpcpro-col-xl-6 { flex: 0 0 16.66667%; max-width: 16.66667%; } .wpcpro-row .wpcpro-col-xl-7 { flex: 0 0 14.28571428%; max-width: 14.28571428%; } .wpcpro-row .wpcpro-col-xl-8 { flex: 0 0 12.5%; max-width: 12.5%; } }<\/style><div class=\"wpcp-carousel-wrapper wpcp-wrapper-621\">\n\t<div id=\"wpcp-preloader-621\" class=\"wpcp-carousel-preloader\"><img decoding=\"async\" src=\"https:\/\/lasensible.com\/wp-content\/plugins\/wp-carousel-free\/public\/css\/spinner.svg\" alt=\"Preloader Image\" \/><\/div>\t<div class=\"wpcp-carousel-content-wrapper\">\n\t<div id=\"sp-wp-carousel-free-id-621\" class=\"wpcp-carousel-section sp-wpcp-621  nav-vertical-center wpcp-image-carousel wpcp-preloader wpcp-standard\" data-swiper='{ &quot;accessibility&quot;:true, &quot;spaceBetween&quot;:20, &quot;arrows&quot;:true, &quot;freeMode&quot;: false, &quot;autoplay&quot;:true, &quot;autoplaySpeed&quot;:3000, &quot;dots&quot;:true, &quot;infinite&quot;:true, &quot;speed&quot;:600, &quot;pauseOnHover&quot;:true,\n\t\t\t&quot;slidesToShow&quot;:{&quot;lg_desktop&quot;:5, &quot;desktop&quot;: 4, &quot;laptop&quot;: 3, &quot;tablet&quot;: 2, &quot;mobile&quot;: 1}, &quot;responsive&quot;:{&quot;desktop&quot;:1200, &quot;laptop&quot;: 980, &quot;tablet&quot;: 736, &quot;mobile&quot;: 480}, &quot;rtl&quot;:false, &quot;lazyLoad&quot;: &quot;false&quot;, &quot;swipe&quot;: true, &quot;draggable&quot;: true, &quot;swipeToSlide&quot;:false }' dir=\"ltr\">\n\t\t<div class=\"swiper-wrapper\">\n\t\t<div class=\"swiper-slide\">\n\t<div class=\"wpcp-single-item\">\n\t\t\t<a class=\"wcp-light-box\" data-buttons='[\"close\"]' data-wpc_url='https:\/\/lasensible.com\/wp-content\/uploads\/2025\/06\/VLL24_02-225x300.jpg' href=\"https:\/\/lasensible.com\/wp-content\/uploads\/2025\/06\/VLL24_02-225x300.jpg\" data-fancybox=\"wpcp_view\">\n\t\t<figure>\n\t\t\t<img loading=\"lazy\" decoding=\"async\" class=\"skip-lazy\" src=\"https:\/\/lasensible.com\/wp-content\/uploads\/2025\/06\/VLL24_02-225x300.jpg\" alt=\"VLL24_02\" width=\"225\" height=\"300\">\t\t<\/figure>\n\t<\/a>\n\t\t<\/div>\n<\/div>\n\t<div class=\"swiper-slide\">\n\t<div class=\"wpcp-single-item\">\n\t\t\t<a class=\"wcp-light-box\" data-buttons='[\"close\"]' data-wpc_url='https:\/\/lasensible.com\/wp-content\/uploads\/2025\/06\/VLL02-225x300.jpg' href=\"https:\/\/lasensible.com\/wp-content\/uploads\/2025\/06\/VLL02-225x300.jpg\" data-fancybox=\"wpcp_view\">\n\t\t<figure>\n\t\t\t<img loading=\"lazy\" decoding=\"async\" class=\"skip-lazy\" src=\"https:\/\/lasensible.com\/wp-content\/uploads\/2025\/06\/VLL02-225x300.jpg\" alt=\"VLL02\" width=\"225\" height=\"300\">\t\t<\/figure>\n\t<\/a>\n\t\t<\/div>\n<\/div>\n\t<div class=\"swiper-slide\">\n\t<div class=\"wpcp-single-item\">\n\t\t\t<a class=\"wcp-light-box\" data-buttons='[\"close\"]' data-wpc_url='https:\/\/lasensible.com\/wp-content\/uploads\/2025\/06\/VLL-01-225x300.jpg' href=\"https:\/\/lasensible.com\/wp-content\/uploads\/2025\/06\/VLL-01-225x300.jpg\" data-fancybox=\"wpcp_view\">\n\t\t<figure>\n\t\t\t<img loading=\"lazy\" decoding=\"async\" class=\"skip-lazy\" src=\"https:\/\/lasensible.com\/wp-content\/uploads\/2025\/06\/VLL-01-225x300.jpg\" alt=\"VLL 01\" width=\"225\" height=\"300\">\t\t<\/figure>\n\t<\/a>\n\t\t<\/div>\n<\/div>\n\t<div class=\"swiper-slide\">\n\t<div class=\"wpcp-single-item\">\n\t\t\t<a class=\"wcp-light-box\" data-buttons='[\"close\"]' data-wpc_url='https:\/\/lasensible.com\/wp-content\/uploads\/2025\/06\/VLL03-225x300.jpg' href=\"https:\/\/lasensible.com\/wp-content\/uploads\/2025\/06\/VLL03-225x300.jpg\" data-fancybox=\"wpcp_view\">\n\t\t<figure>\n\t\t\t<img loading=\"lazy\" decoding=\"async\" class=\"skip-lazy\" src=\"https:\/\/lasensible.com\/wp-content\/uploads\/2025\/06\/VLL03-225x300.jpg\" alt=\"VLL03\" width=\"225\" height=\"300\">\t\t<\/figure>\n\t<\/a>\n\t\t<\/div>\n<\/div>\n\t<div class=\"swiper-slide\">\n\t<div class=\"wpcp-single-item\">\n\t\t\t<a class=\"wcp-light-box\" data-buttons='[\"close\"]' data-wpc_url='https:\/\/lasensible.com\/wp-content\/uploads\/2025\/06\/VLL24_13-225x300.jpg' href=\"https:\/\/lasensible.com\/wp-content\/uploads\/2025\/06\/VLL24_13-225x300.jpg\" data-fancybox=\"wpcp_view\">\n\t\t<figure>\n\t\t\t<img loading=\"lazy\" decoding=\"async\" class=\"skip-lazy\" src=\"https:\/\/lasensible.com\/wp-content\/uploads\/2025\/06\/VLL24_13-225x300.jpg\" alt=\"VLL24_13\" width=\"225\" height=\"300\">\t\t<\/figure>\n\t<\/a>\n\t\t<\/div>\n<\/div>\n\t<div class=\"swiper-slide\">\n\t<div class=\"wpcp-single-item\">\n\t\t\t<a class=\"wcp-light-box\" data-buttons='[\"close\"]' data-wpc_url='https:\/\/lasensible.com\/wp-content\/uploads\/2025\/06\/VLL24_23-300x225.jpg' href=\"https:\/\/lasensible.com\/wp-content\/uploads\/2025\/06\/VLL24_23-300x225.jpg\" data-fancybox=\"wpcp_view\">\n\t\t<figure>\n\t\t\t<img loading=\"lazy\" decoding=\"async\" class=\"skip-lazy\" src=\"https:\/\/lasensible.com\/wp-content\/uploads\/2025\/06\/VLL24_23-300x225.jpg\" alt=\"VLL24_23\" width=\"300\" height=\"225\">\t\t<\/figure>\n\t<\/a>\n\t\t<\/div>\n<\/div>\n\t<div class=\"swiper-slide\">\n\t<div class=\"wpcp-single-item\">\n\t\t\t<a class=\"wcp-light-box\" data-buttons='[\"close\"]' data-wpc_url='https:\/\/lasensible.com\/wp-content\/uploads\/2025\/06\/VLL24_27-3-300x225.jpg' href=\"https:\/\/lasensible.com\/wp-content\/uploads\/2025\/06\/VLL24_27-3-300x225.jpg\" data-fancybox=\"wpcp_view\">\n\t\t<figure>\n\t\t\t<img loading=\"lazy\" decoding=\"async\" class=\"skip-lazy\" src=\"https:\/\/lasensible.com\/wp-content\/uploads\/2025\/06\/VLL24_27-3-300x225.jpg\" alt=\"VLL24_27\" width=\"300\" height=\"225\">\t\t<\/figure>\n\t<\/a>\n\t\t<\/div>\n<\/div>\n\t<div class=\"swiper-slide\">\n\t<div class=\"wpcp-single-item\">\n\t\t\t<a class=\"wcp-light-box\" data-buttons='[\"close\"]' data-wpc_url='https:\/\/lasensible.com\/wp-content\/uploads\/2025\/06\/VLL24_113-225x300.jpg' href=\"https:\/\/lasensible.com\/wp-content\/uploads\/2025\/06\/VLL24_113-225x300.jpg\" data-fancybox=\"wpcp_view\">\n\t\t<figure>\n\t\t\t<img loading=\"lazy\" decoding=\"async\" class=\"skip-lazy\" src=\"https:\/\/lasensible.com\/wp-content\/uploads\/2025\/06\/VLL24_113-225x300.jpg\" alt=\"VLL24_113\" width=\"225\" height=\"300\">\t\t<\/figure>\n\t<\/a>\n\t\t<\/div>\n<\/div>\n\t<div class=\"swiper-slide\">\n\t<div class=\"wpcp-single-item\">\n\t\t\t<a class=\"wcp-light-box\" data-buttons='[\"close\"]' data-wpc_url='https:\/\/lasensible.com\/wp-content\/uploads\/2025\/06\/VLL24_35-169x300.jpg' href=\"https:\/\/lasensible.com\/wp-content\/uploads\/2025\/06\/VLL24_35-169x300.jpg\" data-fancybox=\"wpcp_view\">\n\t\t<figure>\n\t\t\t<img loading=\"lazy\" decoding=\"async\" class=\"skip-lazy\" src=\"https:\/\/lasensible.com\/wp-content\/uploads\/2025\/06\/VLL24_35-169x300.jpg\" alt=\"VLL24_35\" width=\"169\" height=\"300\">\t\t<\/figure>\n\t<\/a>\n\t\t<\/div>\n<\/div>\n\t<div class=\"swiper-slide\">\n\t<div class=\"wpcp-single-item\">\n\t\t\t<a class=\"wcp-light-box\" data-buttons='[\"close\"]' data-wpc_url='https:\/\/lasensible.com\/wp-content\/uploads\/2025\/06\/VLL05-1-300x225.jpg' href=\"https:\/\/lasensible.com\/wp-content\/uploads\/2025\/06\/VLL05-1-300x225.jpg\" data-fancybox=\"wpcp_view\">\n\t\t<figure>\n\t\t\t<img loading=\"lazy\" decoding=\"async\" class=\"skip-lazy\" src=\"https:\/\/lasensible.com\/wp-content\/uploads\/2025\/06\/VLL05-1-300x225.jpg\" alt=\"VLL05\" width=\"300\" height=\"225\">\t\t<\/figure>\n\t<\/a>\n\t\t<\/div>\n<\/div>\n\t<div class=\"swiper-slide\">\n\t<div class=\"wpcp-single-item\">\n\t\t\t<a class=\"wcp-light-box\" data-buttons='[\"close\"]' data-wpc_url='https:\/\/lasensible.com\/wp-content\/uploads\/2025\/06\/VLL24_01-225x300.jpg' href=\"https:\/\/lasensible.com\/wp-content\/uploads\/2025\/06\/VLL24_01-225x300.jpg\" data-fancybox=\"wpcp_view\">\n\t\t<figure>\n\t\t\t<img loading=\"lazy\" decoding=\"async\" class=\"skip-lazy\" src=\"https:\/\/lasensible.com\/wp-content\/uploads\/2025\/06\/VLL24_01-225x300.jpg\" alt=\"VLL24_01\" width=\"225\" height=\"300\">\t\t<\/figure>\n\t<\/a>\n\t\t<\/div>\n<\/div>\n\t<div class=\"swiper-slide\">\n\t<div class=\"wpcp-single-item\">\n\t\t\t<a class=\"wcp-light-box\" data-buttons='[\"close\"]' data-wpc_url='https:\/\/lasensible.com\/wp-content\/uploads\/2025\/06\/VLL24_43-225x300.jpg' href=\"https:\/\/lasensible.com\/wp-content\/uploads\/2025\/06\/VLL24_43-225x300.jpg\" data-fancybox=\"wpcp_view\">\n\t\t<figure>\n\t\t\t<img loading=\"lazy\" decoding=\"async\" class=\"skip-lazy\" src=\"https:\/\/lasensible.com\/wp-content\/uploads\/2025\/06\/VLL24_43-225x300.jpg\" alt=\"VLL24_43\" width=\"225\" height=\"300\">\t\t<\/figure>\n\t<\/a>\n\t\t<\/div>\n<\/div>\n\t<div class=\"swiper-slide\">\n\t<div class=\"wpcp-single-item\">\n\t\t\t<a class=\"wcp-light-box\" data-buttons='[\"close\"]' data-wpc_url='https:\/\/lasensible.com\/wp-content\/uploads\/2025\/06\/VLL06-225x300.jpg' href=\"https:\/\/lasensible.com\/wp-content\/uploads\/2025\/06\/VLL06-225x300.jpg\" data-fancybox=\"wpcp_view\">\n\t\t<figure>\n\t\t\t<img loading=\"lazy\" decoding=\"async\" class=\"skip-lazy\" src=\"https:\/\/lasensible.com\/wp-content\/uploads\/2025\/06\/VLL06-225x300.jpg\" alt=\"VLL06\" width=\"225\" height=\"300\">\t\t<\/figure>\n\t<\/a>\n\t\t<\/div>\n<\/div>\n\t<div class=\"swiper-slide\">\n\t<div class=\"wpcp-single-item\">\n\t\t\t<a class=\"wcp-light-box\" data-buttons='[\"close\"]' data-wpc_url='https:\/\/lasensible.com\/wp-content\/uploads\/2025\/06\/VLL24_53-300x225.jpg' href=\"https:\/\/lasensible.com\/wp-content\/uploads\/2025\/06\/VLL24_53-300x225.jpg\" data-fancybox=\"wpcp_view\">\n\t\t<figure>\n\t\t\t<img loading=\"lazy\" decoding=\"async\" class=\"skip-lazy\" src=\"https:\/\/lasensible.com\/wp-content\/uploads\/2025\/06\/VLL24_53-300x225.jpg\" alt=\"VLL24_53\" width=\"300\" height=\"225\">\t\t<\/figure>\n\t<\/a>\n\t\t<\/div>\n<\/div>\n\t\t\t<\/div>\n\t\t\t\t\t<div class=\"wpcp-swiper-dots swiper-pagination\"><\/div>\n\t\t\t\t<!-- If we need navigation buttons -->\n\t\t\t\t\t<div class=\"wpcp-prev-button swiper-button-prev\"><i class=\"fa fa-angle-left\"><\/i><\/div>\n\t\t\t<div class=\"wpcp-next-button swiper-button-next\"><i class=\"fa fa-angle-right\"><\/i><\/div>\n\t\t\t<\/div>\n\t<\/div>\n<\/div>\n\n\n\n\n<blockquote class=\"wp-block-quote has-text-align-center is-layout-flow wp-block-quote-is-layout-flow\">\n<p><strong>T\u00e9moignages de spectateurs&nbsp;<\/strong><\/p>\n<\/blockquote>\n\n\n\n<div class=\"wp-block-columns is-layout-flex wp-container-core-columns-is-layout-9d6595d7 wp-block-columns-is-layout-flex\">\n<div class=\"wp-block-column is-layout-flow wp-block-column-is-layout-flow\">\n<blockquote class=\"wp-block-quote is-layout-flow wp-block-quote-is-layout-flow\">\n<p class=\"has-small-font-size\"><em>Girl power! Quelle fille ce chaperon rouge qui s\u2019\u00e9mancipe, s\u2019affranchit, s\u2019affirme et chemine dans les m\u00e9andres de sa f\u00e9minit\u00e9 en devenir. Le loup en sera dupe pour une fois dans cette version tout en noir et blanc tant cont\u00e9e que dans\u00e9e. Une interpr\u00e9tation tr\u00e8s plastique (peinture, danse et masques) de cette histoire sans \u00e2ge et ancr\u00e9e dans le r\u00e9el.<br><\/em><strong>Vincent Caron, Bdp de l\u2019Aisne&nbsp;<\/strong><\/p>\n<\/blockquote>\n\n\n\n<hr class=\"wp-block-separator has-alpha-channel-opacity\"\/>\n\n\n\n<hr class=\"wp-block-separator has-alpha-channel-opacity\"\/>\n\n\n\n<hr class=\"wp-block-separator has-alpha-channel-opacity\"\/>\n<\/div>\n\n\n\n<div class=\"wp-block-column is-layout-flow wp-block-column-is-layout-flow\">\n<blockquote class=\"wp-block-quote is-layout-flow wp-block-quote-is-layout-flow\">\n<p class=\"has-small-font-size\"><em>La repr\u00e9sentation \u00e9tait un instant suspendu. Les \u00e9l\u00e8ves ont pu d\u00e9couvrir le th\u00e9\u00e2tre d\u2019objet et assister \u00e0 une performance. Le d\u00e9cor qui se cr\u00e9e sous nos yeux \u00e9tait bluffant et le passage d\u2019expression corporelle tr\u00e8s beau.<br><\/em><strong>Une enseignante de CM1<\/strong><\/p>\n\n\n\n<p><\/p>\n<\/blockquote>\n<\/div>\n<\/div>\n\n\n\n<hr class=\"wp-block-separator has-alpha-channel-opacity\"\/>\n\n\n\n<div class=\"wp-block-media-text is-stacked-on-mobile\"><figure class=\"wp-block-media-text__media\"><img loading=\"lazy\" decoding=\"async\" width=\"724\" height=\"1024\" src=\"https:\/\/lasensible.com\/wp-content\/uploads\/2025\/06\/Voir-le-loup-visuel-affiche-724x1024.jpg\" alt=\"\" class=\"wp-image-616 size-full\" srcset=\"https:\/\/lasensible.com\/wp-content\/uploads\/2025\/06\/Voir-le-loup-visuel-affiche-724x1024.jpg 724w, https:\/\/lasensible.com\/wp-content\/uploads\/2025\/06\/Voir-le-loup-visuel-affiche-212x300.jpg 212w, https:\/\/lasensible.com\/wp-content\/uploads\/2025\/06\/Voir-le-loup-visuel-affiche-768x1086.jpg 768w, https:\/\/lasensible.com\/wp-content\/uploads\/2025\/06\/Voir-le-loup-visuel-affiche-1086x1536.jpg 1086w, https:\/\/lasensible.com\/wp-content\/uploads\/2025\/06\/Voir-le-loup-visuel-affiche-1448x2048.jpg 1448w, https:\/\/lasensible.com\/wp-content\/uploads\/2025\/06\/Voir-le-loup-visuel-affiche-42x60.jpg 42w, https:\/\/lasensible.com\/wp-content\/uploads\/2025\/06\/Voir-le-loup-visuel-affiche.jpg 1654w\" sizes=\"auto, (max-width: 724px) 100vw, 724px\" \/><\/figure><div class=\"wp-block-media-text__content\">\n<p>Avec Elsa Chausson&nbsp;<\/p>\n\n\n\n<p>Cr\u00e9ation plastique et mise en sc\u00e8ne : Julia Chausson&nbsp;<\/p>\n\n\n\n<p>Cr\u00e9ation sonore : Jorge Loiotile, contrebassiste<\/p>\n\n\n\n<p>Costumes de papier : Muriel S\u00e9naux et Delphine Desnus<\/p>\n\n\n\n<p>Chor\u00e9graphie du vent : Kathleen Reynolds<\/p>\n\n\n\n<p>Cr\u00e9dit Photos : <\/p>\n\n\n\n<p>Camille Voizeux (Affiche et version autonome)<\/p>\n\n\n\n<p>Romain Rabier (version salle noire)<\/p>\n<\/div><\/div>\n\n\n\n<hr class=\"wp-block-separator has-alpha-channel-opacity\"\/>\n\n\n\n<p><\/p>\n\n\n\n<p><\/p>\n\n\n\n<p><strong>Document pro<\/strong> <strong>\u00e0 t\u00e9l\u00e9charger<\/strong><\/p>\n\n\n\n<p><a href=\"https:\/\/lasensible.com\/wp-content\/uploads\/2025\/06\/Voir-le-loup-Dossier-de-diffusion-version-autonome-2022.pdf\" target=\"_blank\" rel=\"noreferrer noopener\">Dossier de presse \/ Version autonome<\/a><\/p>\n\n\n\n<p><a href=\"https:\/\/lasensible.com\/wp-content\/uploads\/2025\/06\/Voir-le-loup-Fiche-technique-version-autonome-2022.pdf\" target=\"_blank\" rel=\"noreferrer noopener\">Fiche technique \/ Version autonome<\/a><\/p>\n\n\n\n<p><a href=\"https:\/\/lasensible.com\/wp-content\/uploads\/2025\/06\/Voir-le-loup-SoloTheatre-Dossier-de-diffusion-2024.pdf\">Dossier de presse \/ Version salle<\/a> <\/p>\n\n\n\n<p><a href=\"https:\/\/lasensible.com\/wp-content\/uploads\/2025\/06\/Voir-le-loup-FT-SoloTheatre-2024.pdf\" target=\"_blank\" rel=\"noreferrer noopener\">Fiche technique \/ Version salle<\/a><\/p>\n\n\n\n<p><a href=\"https:\/\/lasensible.com\/wp-content\/uploads\/2025\/06\/Voir-le-loup-visuel-affiche.jpg\" target=\"_blank\" rel=\"noreferrer noopener\">Affiche<\/a><\/p>\n\n\n\n<div class=\"wp-block-buttons is-content-justification-center is-layout-flex wp-container-core-buttons-is-layout-16018d1d wp-block-buttons-is-layout-flex\">\n<div class=\"wp-block-button\"><a class=\"wp-block-button__link wp-element-button\" href=\"https:\/\/lasensible.com\/?page_id=7\">Contacts<\/a><\/div>\n\n\n\n<div class=\"wp-block-button\"><a class=\"wp-block-button__link wp-element-button\" href=\"https:\/\/lasensible.com\/?page_id=266\">Calendrier<\/a><\/div>\n<\/div>\n","protected":false},"excerpt":{"rendered":"<p>Voir le loup On entend dire que les femmes attendent leur prince charmant. C\u2019est sans compter la tradition orale des contes, o\u00f9 l\u2019on croise des &hellip; <\/p>\n","protected":false},"author":1,"featured_media":0,"parent":0,"menu_order":0,"comment_status":"closed","ping_status":"closed","template":"","meta":{"footnotes":""},"class_list":["post-647","page","type-page","status-publish","hentry","latest_post"],"_links":{"self":[{"href":"https:\/\/lasensible.com\/index.php?rest_route=\/wp\/v2\/pages\/647","targetHints":{"allow":["GET"]}}],"collection":[{"href":"https:\/\/lasensible.com\/index.php?rest_route=\/wp\/v2\/pages"}],"about":[{"href":"https:\/\/lasensible.com\/index.php?rest_route=\/wp\/v2\/types\/page"}],"author":[{"embeddable":true,"href":"https:\/\/lasensible.com\/index.php?rest_route=\/wp\/v2\/users\/1"}],"replies":[{"embeddable":true,"href":"https:\/\/lasensible.com\/index.php?rest_route=%2Fwp%2Fv2%2Fcomments&post=647"}],"version-history":[{"count":10,"href":"https:\/\/lasensible.com\/index.php?rest_route=\/wp\/v2\/pages\/647\/revisions"}],"predecessor-version":[{"id":663,"href":"https:\/\/lasensible.com\/index.php?rest_route=\/wp\/v2\/pages\/647\/revisions\/663"}],"wp:attachment":[{"href":"https:\/\/lasensible.com\/index.php?rest_route=%2Fwp%2Fv2%2Fmedia&parent=647"}],"curies":[{"name":"wp","href":"https:\/\/api.w.org\/{rel}","templated":true}]}}